{"id":63,"date":"2015-06-18T12:08:28","date_gmt":"2015-06-18T12:08:28","guid":{"rendered":"http:\/\/transparencia.aytosotodelreal.es\/?page_id=63"},"modified":"2025-02-07T08:55:25","modified_gmt":"2025-02-07T08:55:25","slug":"concejalias","status":"publish","type":"page","link":"https:\/\/transparencia.aytosotodelreal.es\/?page_id=63","title":{"rendered":"Equipo de Gobierno"},"content":{"rendered":"<p><div class=\"fusion-fullwidth fullwidth-box fusion-builder-row-1 fusion-parallax-none nonhundred-percent-fullwidth non-hundred-percent-height-scrolling\" style=\"background-color: rgba(255,255,255,0);background-image: url(&quot;http:\/\/transparencia.aytosotodelreal.es\/wp-content\/uploads\/2015\/06\/cabOrganizacion-300x48.jpg&quot;);background-position: left top;background-repeat: no-repeat;padding-top:20px;padding-right:0px;padding-bottom:20px;padding-left:0px;margin-bottom: 0px;margin-top: 0px;border-width: 0px 0px 0px 0px;border-color:#eae9e9;border-style:solid;-webkit-background-size:cover;-moz-background-size:cover;-o-background-size:cover;background-size:cover;\" ><div class=\"fusion-builder-row fusion-row\"><div class=\"fusion-layout-column fusion_builder_column fusion-builder-column-0 fusion_builder_column_1_1 1_1 fusion-one-full fusion-column-first fusion-column-last fusion-column-no-min-height\" style=\"margin-top:0px;margin-bottom:0px;\"><div class=\"fusion-column-wrapper fusion-flex-column-wrapper-legacy\" style=\"background-position:left top;background-repeat:no-repeat;-webkit-background-size:cover;-moz-background-size:cover;-o-background-size:cover;background-size:cover;padding: 0px 0px 0px 0px;\"><div class=\"fusion-text fusion-text-1\"><h1 class=\"fusion-responsive-typography-calculated\" style=\"text-align: center; --fontsize: 54; line-height: 1.16; color: #ffffff;\" data-fontsize=\"54\" data-lineheight=\"62.6333px\">Equipo de gobierno<\/h1>\n<\/div><div class=\"fusion-clearfix\"><\/div><\/div><\/div><\/div><\/div><div class=\"fusion-fullwidth fullwidth-box fusion-builder-row-2 nonhundred-percent-fullwidth non-hundred-percent-height-scrolling\" style=\"background-color: rgba(255,255,255,0);background-position: left top;background-repeat: no-repeat;padding-top:20px;padding-right:0px;padding-bottom:20px;padding-left:0px;margin-bottom: 0px;margin-top: 0px;border-width: 0px 0px 0px 0px;border-color:#eae9e9;border-style:solid;\" ><div class=\"fusion-builder-row fusion-row\"><div class=\"fusion-layout-column fusion_builder_column fusion-builder-column-1 fusion_builder_column_1_1 1_1 fusion-one-full fusion-column-first fusion-column-last fusion-column-no-min-height\" style=\"margin-top:0px;margin-bottom:0px;\"><div class=\"fusion-column-wrapper fusion-flex-column-wrapper-legacy\" style=\"background-position:left top;background-repeat:no-repeat;-webkit-background-size:cover;-moz-background-size:cover;-o-background-size:cover;background-size:cover;padding: 0px 0px 0px 0px;\"><div class=\"fusion-sep-clear\"><\/div><div class=\"fusion-separator fusion-full-width-sep\" style=\"margin-left: auto;margin-right: auto;margin-top:10px;margin-bottom:15px;width:100%;\"><div class=\"fusion-separator-border sep-double\" style=\"border-color:#e0dede;border-top-width:1px;border-bottom-width:1px;\"><\/div><\/div><div class=\"fusion-sep-clear\"><\/div><div class=\"fusion-clearfix\"><\/div><\/div><\/div><div class=\"fusion-layout-column fusion_builder_column fusion-builder-column-2 fusion_builder_column_1_1 1_1 fusion-one-full fusion-column-first fusion-column-last fusion-column-no-min-height\" style=\"margin-top:0px;margin-bottom:0px;\"><div class=\"fusion-column-wrapper fusion-flex-column-wrapper-legacy\" style=\"background-position:left top;background-repeat:no-repeat;-webkit-background-size:cover;-moz-background-size:cover;-o-background-size:cover;background-size:cover;padding: 0px 0px 0px 0px;\"><div class=\"fusion-person person fusion-person-left fusion-person-1 fusion-person-icon-top\"><div class=\"person-shortcode-image-wrapper\"><div class=\"person-image-container hover-type-none\" style=\"border:0px solid #f6f6f6;-webkit-border-radius:0px;-moz-border-radius:0px;border-radius:0px;\"><img decoding=\"async\" class=\"person-img img-responsive wp-image-795\" width=\"150\" height=\"150\" src=\"http:\/\/transparencia.aytosotodelreal.es\/wp-content\/uploads\/2023\/07\/Sin-titulo-Logo-150x150.png\" alt=\"Noelia Barrado Olivares\" \/><\/div><\/div><div class=\"person-desc\"><div class=\"person-author\"><div class=\"person-author-wrapper\"><span class=\"person-name\">Noelia Barrado Olivares<\/span><span class=\"person-title\"><br \/>\nAlcaldesa<\/span><\/div><\/div><div class=\"person-content fusion-clearfix\">Maestra con la especialidad de Educaci\u00f3n Primaria por la Universidad Aut\u00f3noma de Madrid. Coordinadora de servicio, gestionando equipos para una empresa financiera. Actualmente en excedencia.<\/div><\/div><\/div><div class=\"fusion-sep-clear\"><\/div><div class=\"fusion-separator fusion-full-width-sep\" style=\"margin-left: auto;margin-right: auto;margin-top:10px;margin-bottom:15px;width:100%;\"><div class=\"fusion-separator-border sep-double\" style=\"border-color:#e0dede;border-top-width:1px;border-bottom-width:1px;\"><\/div><\/div><div class=\"fusion-sep-clear\"><\/div><div class=\"fusion-person person fusion-person-left fusion-person-2 fusion-person-icon-top\"><div class=\"person-shortcode-image-wrapper\"><div class=\"person-image-container hover-type-none\" style=\"border:0px solid #f6f6f6;-webkit-border-radius:0px;-moz-border-radius:0px;border-radius:0px;\"><img decoding=\"async\" class=\"person-img img-responsive wp-image-798\" width=\"150\" height=\"150\" src=\"http:\/\/transparencia.aytosotodelreal.es\/wp-content\/uploads\/2023\/07\/2-150x150-1.png\" alt=\"Antonio Pontejo\" srcset=\"https:\/\/transparencia.aytosotodelreal.es\/wp-content\/uploads\/2023\/07\/2-150x150-1-66x66.png 66w, https:\/\/transparencia.aytosotodelreal.es\/wp-content\/uploads\/2023\/07\/2-150x150-1.png 150w\" sizes=\"(max-width: 150px) 100vw, 150px\" \/><\/div><\/div><div class=\"person-desc\"><div class=\"person-author\"><div class=\"person-author-wrapper\"><span class=\"person-name\">Antonio Pontejo<\/span><span class=\"person-title\"><br \/>\n2\u00ba Teniente de Alcalde, miembro de la Junta de Gobierno. Hacienda, Urbanismo y Urbanizaciones. <\/span><\/div><\/div><div class=\"person-content fusion-clearfix\">T\u00e9cnico de Hacienda del Estado. T\u00e9cnico superior de gesti\u00f3n comercial y marketing. Diplomado en Gesti\u00f3n y Administraci\u00f3n P\u00fablica. Licenciado en Ciencias Pol\u00edticas y de la Administraci\u00f3n. <\/div><\/div><\/div><div class=\"fusion-sep-clear\"><\/div><div class=\"fusion-separator fusion-full-width-sep\" style=\"margin-left: auto;margin-right: auto;margin-top:10px;margin-bottom:15px;width:100%;\"><div class=\"fusion-separator-border sep-double\" style=\"border-color:#e0dede;border-top-width:1px;border-bottom-width:1px;\"><\/div><\/div><div class=\"fusion-sep-clear\"><\/div><div class=\"fusion-person person fusion-person-left fusion-person-3 fusion-person-icon-top\"><div class=\"person-shortcode-image-wrapper\"><div class=\"person-image-container hover-type-none\" style=\"border:0px solid #f6f6f6;-webkit-border-radius:0px;-moz-border-radius:0px;border-radius:0px;\"><img decoding=\"async\" class=\"person-img img-responsive wp-image-807\" width=\"150\" height=\"150\" src=\"http:\/\/transparencia.aytosotodelreal.es\/wp-content\/uploads\/2023\/07\/3-150x150-1.png\" alt=\"Sara Guti\u00e9rrez \" srcset=\"https:\/\/transparencia.aytosotodelreal.es\/wp-content\/uploads\/2023\/07\/3-150x150-1-66x66.png 66w, https:\/\/transparencia.aytosotodelreal.es\/wp-content\/uploads\/2023\/07\/3-150x150-1.png 150w\" sizes=\"(max-width: 150px) 100vw, 150px\" \/><\/div><\/div><div class=\"person-desc\"><div class=\"person-author\"><div class=\"person-author-wrapper\"><span class=\"person-name\">Sara Guti\u00e9rrez <\/span><span class=\"person-title\">1\u00aa Teniente de Alcalde, miembro de la Junta de Gobierno. Recursos Humanos, Administraci\u00f3n y Servicios Internos del Ayuntamiento, Turismo y Comercio, Empleo, Desarrollo Local y Ganader\u00eda.<\/span><\/div><\/div><div class=\"person-content fusion-clearfix\">Concejala desde 2021. T\u00e9cnico de gesti\u00f3n en la Federaci\u00f3n Espa\u00f1ola de Municipios y Provincias. Licenciada en Ciencias Pol\u00edticas y de la Administraci\u00f3n. Master en Liderazgo <\/div><\/div><\/div><div class=\"fusion-sep-clear\"><\/div><div class=\"fusion-separator fusion-full-width-sep\" style=\"margin-left: auto;margin-right: auto;margin-top:10px;margin-bottom:15px;width:100%;\"><div class=\"fusion-separator-border sep-double\" style=\"border-color:#e0dede;border-top-width:1px;border-bottom-width:1px;\"><\/div><\/div><div class=\"fusion-sep-clear\"><\/div><div class=\"fusion-person person fusion-person-left fusion-person-4 fusion-person-icon-top\"><div class=\"person-shortcode-image-wrapper\"><div class=\"person-image-container hover-type-none\" style=\"border:0px solid #f6f6f6;-webkit-border-radius:0px;-moz-border-radius:0px;border-radius:0px;\"><img decoding=\"async\" class=\"person-img img-responsive wp-image-808\" width=\"150\" height=\"150\" src=\"http:\/\/transparencia.aytosotodelreal.es\/wp-content\/uploads\/2023\/07\/4-150x150-1.png\" alt=\"Nacho Garc\u00eda\" srcset=\"https:\/\/transparencia.aytosotodelreal.es\/wp-content\/uploads\/2023\/07\/4-150x150-1-66x66.png 66w, https:\/\/transparencia.aytosotodelreal.es\/wp-content\/uploads\/2023\/07\/4-150x150-1.png 150w\" sizes=\"(max-width: 150px) 100vw, 150px\" \/><\/div><\/div><div class=\"person-desc\"><div class=\"person-author\"><div class=\"person-author-wrapper\"><span class=\"person-name\">Nacho Garc\u00eda<\/span><span class=\"person-title\">Sostenibilidad Ambiental y Eficiencia Energ\u00e9tica, Gesti\u00f3n de Residuos, Deporte, Juventud e Infancia, Internacional y Protecci\u00f3n Animal.<\/span><\/div><\/div><div class=\"person-content fusion-clearfix\">Concejal desde 2021. Licenciado en Ciencias de la Actividad F\u00edsica y el Deporte. Profesor de nataci\u00f3n durante 10 a\u00f1os <\/div><\/div><\/div><div class=\"fusion-sep-clear\"><\/div><div class=\"fusion-separator fusion-full-width-sep\" style=\"margin-left: auto;margin-right: auto;margin-top:10px;margin-bottom:15px;width:100%;\"><div class=\"fusion-separator-border sep-double\" style=\"border-color:#e0dede;border-top-width:1px;border-bottom-width:1px;\"><\/div><\/div><div class=\"fusion-sep-clear\"><\/div><div class=\"fusion-person person fusion-person-left fusion-person-5 fusion-person-icon-top\"><div class=\"person-shortcode-image-wrapper\"><div class=\"person-image-container hover-type-none\" style=\"border:0px solid #f6f6f6;-webkit-border-radius:0px;-moz-border-radius:0px;border-radius:0px;\"><img decoding=\"async\" class=\"person-img img-responsive wp-image-809\" width=\"150\" height=\"150\" src=\"http:\/\/transparencia.aytosotodelreal.es\/wp-content\/uploads\/2023\/07\/5-150x150-1.png\" alt=\"Mar\u00eda Paris\" srcset=\"https:\/\/transparencia.aytosotodelreal.es\/wp-content\/uploads\/2023\/07\/5-150x150-1-66x66.png 66w, https:\/\/transparencia.aytosotodelreal.es\/wp-content\/uploads\/2023\/07\/5-150x150-1.png 150w\" sizes=\"(max-width: 150px) 100vw, 150px\" \/><\/div><\/div><div class=\"person-desc\"><div class=\"person-author\"><div class=\"person-author-wrapper\"><span class=\"person-name\">Mar\u00eda Paris<\/span><span class=\"person-title\">Educaci\u00f3n, Formaci\u00f3n y Aprendizaje, Salud y Consumo, Bienestar Social e Inclusi\u00f3n, Igualdad y Comunicaci\u00f3n.<\/span><\/div><\/div><div class=\"person-content fusion-clearfix\">Concejala desde 2015. Graduada en Magisterio Primara e Infantil con menci\u00f3n en legua extranjera. Empresaria local en ocio infantil <\/div><\/div><\/div><div class=\"fusion-sep-clear\"><\/div><div class=\"fusion-separator fusion-full-width-sep\" style=\"margin-left: auto;margin-right: auto;margin-top:10px;margin-bottom:15px;width:100%;\"><div class=\"fusion-separator-border sep-double\" style=\"border-color:#e0dede;border-top-width:1px;border-bottom-width:1px;\"><\/div><\/div><div class=\"fusion-sep-clear\"><\/div><div class=\"fusion-clearfix\"><\/div><\/div><\/div><div class=\"fusion-layout-column fusion_builder_column fusion-builder-column-3 fusion_builder_column_1_1 1_1 fusion-one-full fusion-column-first fusion-column-last fusion-column-no-min-height\" style=\"margin-top:0px;margin-bottom:0px;\"><div class=\"fusion-column-wrapper fusion-flex-column-wrapper-legacy\" style=\"background-position:left top;background-repeat:no-repeat;-webkit-background-size:cover;-moz-background-size:cover;-o-background-size:cover;background-size:cover;padding: 0px 0px 0px 0px;\"><div class=\"fusion-person person fusion-person-left fusion-person-6 fusion-person-icon-top\"><div class=\"person-shortcode-image-wrapper\"><div class=\"person-image-container hover-type-none\" style=\"border:0px solid #f6f6f6;-webkit-border-radius:0px;-moz-border-radius:0px;border-radius:0px;\"><img decoding=\"async\" class=\"person-img img-responsive wp-image-921\" width=\"146\" height=\"169\" src=\"http:\/\/transparencia.aytosotodelreal.es\/wp-content\/uploads\/2025\/02\/Javier-Fernandez.jpg\" alt=\"Javier Fern\u00e1ndez Gonz\u00e1lez\" \/><\/div><\/div><div class=\"person-desc\"><div class=\"person-author\"><div class=\"person-author-wrapper\"><span class=\"person-name\">Javier Fern\u00e1ndez Gonz\u00e1lez<\/span><span class=\"person-title\">Redes y Servicios Generales, Gesti\u00f3n del Agua, Transporte y Movilidad Sostenible, Participaci\u00f3n, Transparencia, Tecnolog\u00edas de la Informaci\u00f3n y Transformaci\u00f3n Digital.<\/span><\/div><\/div><div class=\"person-content fusion-clearfix\">Funcionario del Consejo superior de investigaciones cient\u00edficas (CSIC), en el \u00e1rea de gesti\u00f3n p\u00fablica y asuntos econ\u00f3micos <\/div><\/div><\/div><div class=\"fusion-sep-clear\"><\/div><div class=\"fusion-separator fusion-full-width-sep\" style=\"margin-left: auto;margin-right: auto;margin-top:10px;margin-bottom:15px;width:100%;\"><div class=\"fusion-separator-border sep-double\" style=\"border-color:#e0dede;border-top-width:1px;border-bottom-width:1px;\"><\/div><\/div><div class=\"fusion-sep-clear\"><\/div><div class=\"fusion-person person fusion-person-left fusion-person-7 fusion-person-icon-top\"><div class=\"person-shortcode-image-wrapper\"><div class=\"person-image-container hover-type-none\" style=\"border:0px solid #f6f6f6;-webkit-border-radius:0px;-moz-border-radius:0px;border-radius:0px;\"><img decoding=\"async\" class=\"person-img img-responsive wp-image-800\" width=\"150\" height=\"150\" src=\"http:\/\/transparencia.aytosotodelreal.es\/wp-content\/uploads\/2023\/07\/7-150x150-1.png\" alt=\"Almudena S\u00e1nchez\" srcset=\"https:\/\/transparencia.aytosotodelreal.es\/wp-content\/uploads\/2023\/07\/7-150x150-1-66x66.png 66w, https:\/\/transparencia.aytosotodelreal.es\/wp-content\/uploads\/2023\/07\/7-150x150-1.png 150w\" sizes=\"(max-width: 150px) 100vw, 150px\" \/><\/div><\/div><div class=\"person-desc\"><div class=\"person-author\"><div class=\"person-author-wrapper\"><span class=\"person-name\">Almudena S\u00e1nchez<\/span><span class=\"person-title\"><br \/>\n3\u00aa Teniente de Alcalde, miembro de la Junta de Gobierno Cultura, Identidad del Municipio y Patrimonio, Eventos y Festejos y Envejecimiento activo. <\/span><\/div><\/div><div class=\"person-content fusion-clearfix\">Concejala desde 2019. Responsable de prensa y comunicaci\u00f3n en un grupo editorial. Licenciada en Geograf\u00eda e Historia. <\/div><\/div><\/div><div class=\"fusion-sep-clear\"><\/div><div class=\"fusion-separator fusion-full-width-sep\" style=\"margin-left: auto;margin-right: auto;margin-top:10px;margin-bottom:15px;width:100%;\"><div class=\"fusion-separator-border sep-double\" style=\"border-color:#e0dede;border-top-width:1px;border-bottom-width:1px;\"><\/div><\/div><div class=\"fusion-sep-clear\"><\/div><div class=\"fusion-clearfix\"><\/div><\/div><\/div><div class=\"fusion-layout-column fusion_builder_column fusion-builder-column-4 fusion_builder_column_1_1 1_1 fusion-one-full fusion-column-first fusion-column-last fusion-column-no-min-height\" style=\"margin-top:0px;margin-bottom:0px;\"><div class=\"fusion-column-wrapper fusion-flex-column-wrapper-legacy\" style=\"background-position:left top;background-repeat:no-repeat;-webkit-background-size:cover;-moz-background-size:cover;-o-background-size:cover;background-size:cover;padding: 0px 0px 0px 0px;\"><div class=\"fusion-clearfix\"><\/div><\/div><\/div><\/div><\/div><\/p>\n","protected":false},"excerpt":{"rendered":"","protected":false},"author":8,"featured_media":0,"parent":0,"menu_order":0,"comment_status":"closed","ping_status":"closed","template":"","meta":{"footnotes":""},"class_list":["post-63","page","type-page","status-publish","hentry"],"_links":{"self":[{"href":"https:\/\/transparencia.aytosotodelreal.es\/index.php?rest_route=\/wp\/v2\/pages\/63","targetHints":{"allow":["GET"]}}],"collection":[{"href":"https:\/\/transparencia.aytosotodelreal.es\/index.php?rest_route=\/wp\/v2\/pages"}],"about":[{"href":"https:\/\/transparencia.aytosotodelreal.es\/index.php?rest_route=\/wp\/v2\/types\/page"}],"author":[{"embeddable":true,"href":"https:\/\/transparencia.aytosotodelreal.es\/index.php?rest_route=\/wp\/v2\/users\/8"}],"replies":[{"embeddable":true,"href":"https:\/\/transparencia.aytosotodelreal.es\/index.php?rest_route=%2Fwp%2Fv2%2Fcomments&post=63"}],"version-history":[{"count":20,"href":"https:\/\/transparencia.aytosotodelreal.es\/index.php?rest_route=\/wp\/v2\/pages\/63\/revisions"}],"predecessor-version":[{"id":927,"href":"https:\/\/transparencia.aytosotodelreal.es\/index.php?rest_route=\/wp\/v2\/pages\/63\/revisions\/927"}],"wp:attachment":[{"href":"https:\/\/transparencia.aytosotodelreal.es\/index.php?rest_route=%2Fwp%2Fv2%2Fmedia&parent=63"}],"curies":[{"name":"wp","href":"https:\/\/api.w.org\/{rel}","templated":true}]}}